y. Suppose 2*v + y*i - 27 = 125, -3*i = -4*v + 282. Calculate the highest common factor of v and m.
9
Let r be 4/26 - 315/(-65). Let s(y) = y**3 + 3*y**2 + 5*y - 5. Let c be s(r). Calculate the highest common factor of 10 and c.
10
Let s be -3 - (-2 - 0)*3. Let g be s - 6/4*-50. Suppose x = -x + g. What is the greatest common factor of x and 3?
3
Let g = 58 - -67. Suppose 0 = -402*m + 404*m + 8. Let z be (-1)/(8/800*m). Calculate the highest common divisor of z and g.
25
Suppose 2394716 = -385*q + 3921064 + 4234407. What is the highest common divisor of 26 and q?
13
Let z = -1503 + 2911. What is the highest common divisor of z and 44?
44
Let k = -142 + 284. Let w = -13 + k. Suppose -x = 4*t - 172, -3*t - 5*x = -75 - 54. Calculate the greatest common divisor of t and w.
43
Suppose 240 = 7*d + 16. What is the greatest common factor of 152 and d?
8
Let d = -6180 - -6193. Calculate the greatest common divisor of d and 38.
1
Let b(h) = 41*h**3 - 4*h**2 + 4*h - 1. Let r be (-5 - -4)*(2 + -3). Let q be b(r). Calculate the highest common divisor of q and 96.
8
Let y(q) = 4*q**2 - 6*q + 6. Suppose -g + 5*h - 18 = 0, 3*g + 6*h - 10*h = -10. Let j be y(g). What is the greatest common factor of 160 and j?
10
Let b be 33*37 + (11 - 13). Suppose -889 = -2*y + b. Calculate the highest common factor of 34 and y.
34
Suppose -s = 34 - 30. Let j(n) = n**3 + 4*n**2 - 4*n - 3. Let k be j(s). What is the highest common divisor of k and 26?
13
Suppose 6*b + 5 = -157. Let h be -8*b/(-6)*-1. Calculate the greatest common factor of h and 96.
12
Suppose 0 = 3*o - 105 - 63. Let m be 168/(901/(-102) + 9). Calculate the greatest common divisor of o and m.
56
Suppose -5*r - 27 = -3*a, 2*r + a = 39 - 41. Let u be r/(-7 - -3 - -3). Calculate the highest common factor of 27 and u.
3
Suppose 7*k + 48 = 11*k. Let o be k*(-1*180/(-16) + -2). Suppose -5*d = -39 - o. What is the greatest common factor of d and 20?
10
Suppose w = -3*y + 35547, y + 3*y + 32 = 0. What is the highest common factor of 213 and w?
213
Let c = -30234 - -45996. Calculate the highest common divisor of 222 and c.
222
Let k(v) = 24*v + 30. Let y be k(6). Suppose -6*b - y = -8*b. Let g be (-3)/(-2)*290/15. Calculate the greatest common factor of g and b.
29
Suppose -p - 6985 = -7195. Let k be 2/(-6) - 442/(-3). Let y = p - k. Calculate the highest common factor of y and 9.
9
Let r = 1003 + -999. Suppose -3*d - d + r*k + 4 = 0, 0 = -4*d + 5*k + 1. Let g = 44 + -4. What is the greatest common factor of d and g?
4
Let g = 1283 + -908. Let v = g - 361. Calculate the greatest common divisor of v and 21.
7
Let m(v) = v - 5. Let d be m(0). Let r(f) = 6*f + 2464 + 2*f - 2454 + 2*f**2. Let c be r(d). What is the highest common factor of c and 8?
4
Let t = -106 - -102. Let n be ((-40)/3)/t - (-24)/36. Calculate the greatest common factor of 26 and n.
2
Suppose 1505 = 5*i - 695. Let q = -16527 + 16567. Calculate the highest common divisor of i and q.
40
Suppose 2*g = t + 5, -7*g - 2*t + 30 = -3*g. Suppose -g*q - 4*w + 676 = 0, 648 = 5*q - 3*w - 0*w. What is the greatest common divisor of 88 and q?
44
Let g be ((-875)/14)/(8/(-16)). Calculate the highest common divisor of 550 and g.
25
Let b be 45 - (44 - 12)/(-16). Let k be 2/((2*-1)/(-2)). What is the highest common divisor of k and b?
1
Let p = 26 + 6. Let h be ((-16)/p)/((-2)/156). Calculate the highest common factor of h and 104.
13
Let h(y) = -35*y + 1409. Let j be h(39). What is the highest common factor of j and 90?
2
Suppose -2*n + 1176 = 14*s - 9*s, 5*s = 3*n + 1161. What is the highest common divisor of 198 and s?
18
Suppose 2*z + 2*z - 116 = 0. Let j = z + -21. Suppose -2*o - l + 4 = 3*l, 0 = -4*o + 4*l + 32. What is the greatest common divisor of j and o?
2
Let g be 1/((1/(-49))/(-1)). Suppose 2*o - 560 = -5*n, -22*n = -24*n + o + 224. Calculate the greatest common factor of g and n.
7
Let r be (125 + -1 - 2) + -2. Let m = -813 - -650. Let k = -151 - m. Calculate the highest common factor of r and k.
12
Let j be (250/20)/((-45)/(-1404)). What is the highest common factor of 286 and j?
26
Let m be ((-25488)/(-590))/(1/(-4) - 8/(-30)). What is the highest common divisor of m and 480?
96
Suppose g + 28 = -w + 131, g = 5*w - 521. Suppose 2*s + 2*y - 14 = 0, -37 = -5*s - 4*y + y. Calculate the greatest common factor of s and w.
8
Let x(o) = 40*o + 94. Let q be x(1). What is the highest common factor of q and 24723?
67
Let v(s) = s**3 + 5*s**2 + 2*s + 4. Let n be v(-4). Suppose -8*z = -18*z + 150*z - 5903 - 5017. Calculate the greatest common factor of n and z.
6
Let v(g) = -428*g - 10568. Let p be v(-87). What is the greatest common divisor of 472 and p?
236
Let w be 14/6 - (-3)/(1 - 10). Suppose b - 36 = -2*s, 0 = -s + w*b + 7 + 6. Calculate the greatest common divisor of s and 136.
17
Let u = 8441 + -5697. Calculate the highest common factor of 56 and u.
56
Suppose n = -5*r + 55, 2*r - 3 = -5. Let z = 770 - 758. Let a be z/16*52 + 6. What is the greatest common divisor of n and a?
15
Suppose 4*w + 2 = 38. Let k(u) = 2*u**2 + 11*u + 68. Let g be k(-5). Calculate the highest common factor of g and w.
9
Let q be (-166)/83 + -3 + 460*2. What is the greatest common divisor of q and 1095?
15
Let o be (13110/40)/(6/8). Calculate the highest common factor of o and 190.
19
Suppose -2*x + 2829 = -3039. Let c be (0 - 5668/(-18)) + 326/x. Calculate the greatest common factor of 189 and c.
63
Let i be (3/(-9))/(2/(-30)). Let p(x) = -2 + 4 + x**2 - 28*x + 30*x - 5. Let w be p(-4). What is the greatest common divisor of i and w?
5
Suppose 0 = -4*r + 8*r + 24, 6*s + 5*r = 780. Calculate the greatest common divisor of s and 2115.
45
Let l = 77 - 72. Suppose 2*g = m + 14, l*g + 6*m - 48 = 2*m. What is the greatest common divisor of g and 8?
8
Suppose 570 = 3*g - 3*h + 333, -5*g - 2*h + 388 = 0. Calculate the greatest common factor of g and 754.
26
Let m(v) = 22*v**2 - 864*v - 9514. Let q be m(-11). Calculate the greatest common factor of q and 374.
34
Let g be ((-87)/(-232) + (-274)/48)*45/(-10). Let d be 18654/21 + 2/(-7). What is the greatest common divisor of g and d?
24
Let a = -39707 - -73615. Calculate the highest common divisor of a and 196.
196
Suppose 72*d - 13*d - 38752 = -114*d. Calculate the greatest common divisor of d and 608.
32
Suppose 4*o + 4*u + 462 = 8630, 2030 = o + 5*u. Calculate the highest common divisor of 10 and o.
5
Let v = -103801 + 103843. Let f = 47 + -19. Calculate the greatest common divisor of f and v.
14
Suppose 4*l = 30 + 130. Let c be 5/(-50) + 42/20. Suppose 0 = -c*f - 10, -2*f = -3*t + 2*f + 35. What is the highest common factor of t and l?
5
Suppose 3*y - 97 - 2 = 3*d, -84 = -3*y - 2*d. Suppose -25*o + 13*o = 0. Suppose -21*k + 3230 + 1180 = o. Calculate the greatest common divisor of k and y.
30
Suppose 38*r = -273 + 179 + 1120. Calculate the greatest common factor of r and 963.
9
Let p = 59 + 40. Let o = p - 96. Let h be ((-3)/(-6) - -1)*6. What is the highest common divisor of h and o?
3
Let c be -11 + 320 + (-52)/4. What is the greatest common divisor of 4884 and c?
148
Suppose 81 = y + 4*s, 4*s - 235 = 6*y - 9*y. Suppose 2*m - 14 = -10. Let o be m/6 + (-416)/(-39). What is the highest common divisor of y and o?
11
Let y(i) = 55*i**2 + 33*i + 27. Let f be y(-1). Let o = 92 - -251. Calculate the greatest common divisor of f and o.
49
Suppose 26*p = -6*p + 3840. What is the greatest common factor of 1080 and p?
120
Suppose 177638 - 21238 = -14*g + 99*g. Calculate the greatest common divisor of g and 1920.
80
Let j be 145*(276/10 + -14). Calculate the highest common factor of 204 and j.
68
Suppose 9*o + 9 - 18 = 0. Let r be -87*o - -1 - (1 + 1). Let u be r/(-8) + (2 - 4). What is the highest common factor of u and 27?
9
Suppose -8*c = -0*c - c - 23912. Calculate the greatest common divisor of 168 and c.
56
Let p(b) = -b**2 - 3*b + 1086. Let u be p(31). Calculate the highest common factor of 2416 and u.
16
Let p(l) = 30*l - 264. Let w be p(14). Calculate the highest common divisor of w and 9.
3
Let c be 1222 - (16 - 2 - 8). Calculate the highest common factor of c and 160.
32
Let d be 11/((-44)/(-14688))*36/72. Calculate the greatest common divisor of d and 324.
108
Suppose -r = -0*r - 105. Suppose -8*k + 384 = 16*k. Suppose -3*z + 0*z = 